


{"id":3124,"date":"2025-05-16T14:40:36","date_gmt":"2025-05-16T14:40:36","guid":{"rendered":"https:\/\/stacjaimpreza.eu\/?page_id=3124"},"modified":"2025-06-13T15:06:03","modified_gmt":"2025-06-13T15:06:03","slug":"promo-last-minute","status":"publish","type":"page","link":"https:\/\/stacjaimpreza.eu\/?page_id=3124","title":{"rendered":"PROMO LAST MINUTE"},"content":{"rendered":"<p>[et_pb_section fb_built=&#8221;1&#8243; admin_label=&#8221;Footer&#8221; _builder_version=&#8221;4.16&#8243; _module_preset=&#8221;default&#8221; saved_tabs=&#8221;all&#8221; locked=&#8221;off&#8221; global_colors_info=&#8221;{}&#8221;][et_pb_row column_structure=&#8221;1_2,1_2&#8243; _builder_version=&#8221;4.16&#8243; _module_preset=&#8221;default&#8221; background_color=&#8221;gcid-d116008b-ce49-46ea-9433-049c9562a0bc&#8221; custom_margin=&#8221;-45px|auto|30px|auto|false|false&#8221; custom_padding=&#8221;60px||33px||false|false&#8221; global_colors_info=&#8221;{%22gcid-d116008b-ce49-46ea-9433-049c9562a0bc%22:%91%22background_color%22%93}&#8221;][et_pb_column type=&#8221;1_2&#8243; _builder_version=&#8221;4.16&#8243; _module_preset=&#8221;default&#8221; global_colors_info=&#8221;{}&#8221;][et_pb_image src=&#8221;https:\/\/stacjaimpreza.eu\/wp-content\/uploads\/2024\/10\/vibrant-party-friends-dancing-with-energetic-lights_1280275-79898.avif&#8221; title_text=&#8221;vibrant-party-friends-dancing-with-energetic-lights_1280275-79898&#8243; _builder_version=&#8221;4.18.0&#8243; _module_preset=&#8221;default&#8221; global_colors_info=&#8221;{}&#8221;][\/et_pb_image][\/et_pb_column][et_pb_column type=&#8221;1_2&#8243; _builder_version=&#8221;4.16&#8243; _module_preset=&#8221;default&#8221; custom_padding=&#8221;|70px|70px||false|false&#8221; custom_padding_tablet=&#8221;|30px|30px|30px|false|true&#8221; custom_padding_phone=&#8221;0px|20px||20px|false|true&#8221; custom_padding_last_edited=&#8221;on|tablet&#8221; global_colors_info=&#8221;{}&#8221;][et_pb_text _builder_version=&#8221;4.18.0&#8243; _module_preset=&#8221;4deaa1a6-d0cd-49d0-ada3-8dc22addd086&#8243; header_4_font=&#8221;Montserrat|700|||||||&#8221; header_4_font_size=&#8221;16px&#8221; header_4_line_height=&#8221;1.5em&#8221; custom_margin=&#8221;||0px||false|false&#8221; header_4_font_size_tablet=&#8221;&#8221; header_4_font_size_phone=&#8221;12px&#8221; header_4_font_size_last_edited=&#8221;on|phone&#8221; locked=&#8221;off&#8221; global_colors_info=&#8221;{}&#8221;]<\/p>\n<h4>Promocja wa\u017cna 24h!<\/h4>\n<p>[\/et_pb_text][et_pb_text _builder_version=&#8221;4.18.0&#8243; _module_preset=&#8221;32021f09-dd67-47fb-8f9a-832b72a38baf&#8221; header_2_font=&#8221;Montserrat|700|||||||&#8221; header_2_text_color=&#8221;#000000&#8243; header_2_font_size=&#8221;50px&#8221; header_2_line_height=&#8221;1.2em&#8221; custom_margin=&#8221;||0px||false|false&#8221; header_2_font_size_tablet=&#8221;32px&#8221; header_2_font_size_phone=&#8221;18px&#8221; header_2_font_size_last_edited=&#8221;on|tablet&#8221; locked=&#8221;off&#8221; global_colors_info=&#8221;{}&#8221;]<\/p>\n<h2>W dniach:<\/h2>\n<p>[\/et_pb_text][et_pb_text _builder_version=&#8221;4.18.0&#8243; _module_preset=&#8221;aec0be99-8a53-4f75-abf2-64f29a8b4cc2&#8243; text_font=&#8221;Montserrat||||||||&#8221; text_text_color=&#8221;#000000&#8243; text_font_size=&#8221;20px&#8221; custom_padding=&#8221;0px|||||&#8221; text_font_size_tablet=&#8221;16px&#8221; text_font_size_phone=&#8221;13px&#8221; text_font_size_last_edited=&#8221;on|tablet&#8221; global_colors_info=&#8221;{}&#8221;]<\/p>\n<p>&nbsp;<\/p>\n<p>5 i 11, 18 Lipca<\/p>\n<h2 dir=\"auto\"><\/h2>\n<h2><\/h2>\n<h2><span style=\"color: #000000;\"><strong style=\"font-size: 22px;\">PROMOCYJNA CENA !<\/strong><\/span><\/h2>\n<h2><span style=\"color: #000000;\"><s><b>1599<\/b> Z\u0141 <\/s><\/span><\/h2>\n<h2><span style=\"color: #000000;\"><span style=\"font-size: 22px;\"><b>999Z\u0141<\/b><\/span><\/span><span style=\"color: #000000;\"><strong>\u00a0<\/strong><\/span><\/h2>\n<h3><span style=\"color: #000000;\">By skorzysta\u0107 z promocji w opisie rezerwacji w formularzu\u00a0 wpisz kod :\u00a0\u00a0<\/span><\/h3>\n<h3><span style=\"color: #ff0000;\"><strong>#PROMO999<\/strong><\/span><\/h3>\n<p><strong><span style=\"color: #000000;\">Do ceny nale\u017cy doliczy\u0107 op\u0142at\u0119 za sprz\u0105tanie (150 z\u0142).<\/span><\/strong><\/p>\n<h3 style=\"text-align: center;\"><span style=\"color: #000000;\">Uwaga! Kod wy\u015bwietla si\u0119 tylko 1x raz.<\/span><\/h3>\n<p>&nbsp;<\/p>\n<p>[\/et_pb_text][et_pb_button button_url=&#8221;https:\/\/stacjaimpreza.eu\/#kalendarz&#8221; button_text=&#8221;PRZECHODZ\u0118 DO REZERWACJI!&#8221; _builder_version=&#8221;4.18.0&#8243; _module_preset=&#8221;a93bd5f4-85ca-4af8-aab9-5954042d5969&#8243; custom_button=&#8221;on&#8221; button_text_size=&#8221;16px&#8221; button_text_color=&#8221;#FFFFFF&#8221; button_bg_color=&#8221;#000000&#8243; button_border_width=&#8221;0px&#8221; button_border_radius=&#8221;0px&#8221; button_letter_spacing=&#8221;2px&#8221; button_font=&#8221;Montserrat|600||on|||||&#8221; custom_padding=&#8221;15px|30px|15px|30px|true|true&#8221; custom_padding_tablet=&#8221;13px|25px|13px|25px|true|true&#8221; custom_padding_phone=&#8221;10px|20px|10px|20px|true|true&#8221; custom_padding_last_edited=&#8221;on|phone&#8221; button_text_size_tablet=&#8221;15px&#8221; button_text_size_phone=&#8221;14px&#8221; button_text_size_last_edited=&#8221;on|phone&#8221; locked=&#8221;off&#8221; global_colors_info=&#8221;{}&#8221; button_bg_color__hover_enabled=&#8221;on|hover&#8221; button_bg_color__hover=&#8221;#383838&#8243; button_bg_enable_color__hover=&#8221;on&#8221;][\/et_pb_button][\/et_pb_column][\/et_pb_row][\/et_pb_section]<\/p>\n","protected":false},"excerpt":{"rendered":"<p>Promocja wa\u017cna 24h!W dniach:&nbsp; 5 i 11, 18 Lipca PROMOCYJNA CENA ! 1599 Z\u0141 999Z\u0141\u00a0 By skorzysta\u0107 z promocji w opisie rezerwacji w formularzu\u00a0 wpisz kod :\u00a0\u00a0 #PROMO999 Do ceny nale\u017cy doliczy\u0107 op\u0142at\u0119 za sprz\u0105tanie (150 z\u0142). Uwaga! Kod wy\u015bwietla si\u0119 tylko 1x raz. &nbsp;<\/p>\n","protected":false},"author":1,"featured_media":0,"parent":0,"menu_order":0,"comment_status":"closed","ping_status":"closed","template":"","meta":{"_et_pb_use_builder":"on","_et_pb_old_content":"","_et_gb_content_width":"","footnotes":""},"class_list":["post-3124","page","type-page","status-publish","hentry"],"aioseo_notices":[],"_links":{"self":[{"href":"https:\/\/stacjaimpreza.eu\/index.php?rest_route=\/wp\/v2\/pages\/3124","targetHints":{"allow":["GET"]}}],"collection":[{"href":"https:\/\/stacjaimpreza.eu\/index.php?rest_route=\/wp\/v2\/pages"}],"about":[{"href":"https:\/\/stacjaimpreza.eu\/index.php?rest_route=\/wp\/v2\/types\/page"}],"author":[{"embeddable":true,"href":"https:\/\/stacjaimpreza.eu\/index.php?rest_route=\/wp\/v2\/users\/1"}],"replies":[{"embeddable":true,"href":"https:\/\/stacjaimpreza.eu\/index.php?rest_route=%2Fwp%2Fv2%2Fcomments&post=3124"}],"version-history":[{"count":9,"href":"https:\/\/stacjaimpreza.eu\/index.php?rest_route=\/wp\/v2\/pages\/3124\/revisions"}],"predecessor-version":[{"id":3166,"href":"https:\/\/stacjaimpreza.eu\/index.php?rest_route=\/wp\/v2\/pages\/3124\/revisions\/3166"}],"wp:attachment":[{"href":"https:\/\/stacjaimpreza.eu\/index.php?rest_route=%2Fwp%2Fv2%2Fmedia&parent=3124"}],"curies":[{"name":"wp","href":"https:\/\/api.w.org\/{rel}","templated":true}]}}