


{"id":2322,"date":"2023-06-27T14:42:14","date_gmt":"2023-06-27T14:42:14","guid":{"rendered":"http:\/\/stacjaimpreza.eu\/?page_id=2322"},"modified":"2023-06-28T21:25:16","modified_gmt":"2023-06-28T21:25:16","slug":"chrzciny","status":"publish","type":"page","link":"https:\/\/stacjaimpreza.eu\/?page_id=2322","title":{"rendered":"Chrzciny"},"content":{"rendered":"<p>[et_pb_section fb_built=&#8221;1&#8243; admin_label=&#8221;Header&#8221; _builder_version=&#8221;4.20.0&#8243; _module_preset=&#8221;default&#8221; background_color=&#8221;gcid-05864f7b-18b4-424d-8937-0b09a7c6a082&#8243; background_image=&#8221;https:\/\/stacjaimpreza.eu\/wp-content\/uploads\/2023\/06\/event-coordinator-23b.png&#8221; parallax=&#8221;on&#8221; collapsed=&#8221;on&#8221; global_colors_info=&#8221;{%22gcid-05864f7b-18b4-424d-8937-0b09a7c6a082%22:%91%22background_color%22%93}&#8221; theme_builder_area=&#8221;post_content&#8221;][et_pb_row _builder_version=&#8221;4.20.0&#8243; _module_preset=&#8221;default&#8221; global_colors_info=&#8221;{}&#8221; theme_builder_area=&#8221;post_content&#8221;][et_pb_column type=&#8221;4_4&#8243; _builder_version=&#8221;4.20.0&#8243; _module_preset=&#8221;default&#8221; global_colors_info=&#8221;{}&#8221; theme_builder_area=&#8221;post_content&#8221;][et_pb_text _builder_version=&#8221;4.18.0&#8243; _module_preset=&#8221;76f7adc8-73c0-4996-b301-0abfaffd2aed&#8221; hover_enabled=&#8221;0&#8243; global_colors_info=&#8221;{}&#8221; theme_builder_area=&#8221;post_content&#8221; sticky_enabled=&#8221;0&#8243;]<\/p>\n<h4>Event\u00a0<\/h4>\n<p>[\/et_pb_text][et_pb_text _builder_version=&#8221;4.20.0&#8243; _module_preset=&#8221;e9af4e53-95ff-437a-8eb1-a76695d3dce5&#8243; locked=&#8221;off&#8221; global_colors_info=&#8221;{}&#8221; theme_builder_area=&#8221;post_content&#8221;]<\/p>\n<h1><span>Jak zorganizowa\u0107 chrzciny lub komuni\u0119 z cateringiem:<\/span><\/h1>\n<p>[\/et_pb_text][\/et_pb_column][\/et_pb_row][et_pb_row column_structure=&#8221;3_5,2_5&#8243; _builder_version=&#8221;4.20.0&#8243; _module_preset=&#8221;default&#8221; global_colors_info=&#8221;{}&#8221; theme_builder_area=&#8221;post_content&#8221;][et_pb_column type=&#8221;3_5&#8243; _builder_version=&#8221;4.20.0&#8243; _module_preset=&#8221;default&#8221; global_colors_info=&#8221;{}&#8221; theme_builder_area=&#8221;post_content&#8221;][et_pb_text _builder_version=&#8221;4.20.0&#8243; _module_preset=&#8221;d135175f-4be8-4a0e-912c-dd33d44c9124&#8243; global_colors_info=&#8221;{}&#8221; theme_builder_area=&#8221;post_content&#8221;]<\/p>\n<p>&nbsp;<\/p>\n<ol>\n<li>\n<p><strong>Wybierz odpowiedni lokal<\/strong>: <span style=\"font-size: 16px;\">Zaczynaj\u0105c organizacj\u0119 chrzcin lub komunii, rozwa\u017c wynajem lokalu na imprez\u0119. Wybierz lokal dostosowany do liczby go\u015bci i preferencji. Mo\u017cesz znale\u017a\u0107 wiele opcji w Gda\u0144sku lub Gdyni.<\/span><\/p>\n<\/li>\n<li>\n<p><strong>Zarezerwuj lokal z wyprzedzeniem<\/strong>: Upewnij si\u0119, \u017ce rezerwujesz lokal na imprez\u0119 z odpowiednim wyprzedzeniem, szczeg\u00f3lnie w przypadku popularnych termin\u00f3w. To zapewni Ci dost\u0119pno\u015b\u0107 i pewno\u015b\u0107, \u017ce miejsce b\u0119dzie gotowe na ten wa\u017cny dzie\u0144.<\/p>\n<\/li>\n<li>\n<p><strong>Skonsultuj menu z firm\u0105 catereringow\u0105<\/strong> : Wynajmij catering, kt\u00f3ry oferuje szeroki wyb\u00f3r menu odpowiednich na chrzciny lub komunii. Skonsultuj swoje preferencje i upewnij si\u0119, \u017ce dostosowane s\u0105 do gustu i potrzeb Twojej rodziny oraz go\u015bci.<\/p>\n<\/li>\n<li>\n<p><strong>Udekoruj lokal:<\/strong> Przygotuj dekoracje, kt\u00f3re pasuj\u0105 do tematyki chrztu lub komunii. Mo\u017cesz wybra\u0107 tradycyjne motywy religijne lub dostosowa\u0107 dekoracje do preferencji rodziny. Zapewnij przestrze\u0144 do udekorowania sto\u0142\u00f3w, \u015bcian i strefy dla dziecka.<\/p>\n<\/li>\n<li>\n<p><strong>Zorganizuj stref\u0119 dla dzieci:<\/strong> Je\u015bli spodziewasz si\u0119 wielu dzieci na imprezie, stw\u00f3rz specjaln\u0105 stref\u0119 dla nich. Wynajmij dmucha\u0144ce, zabawki lub zorganizuj animator\u00f3w, kt\u00f3rzy zajm\u0105 si\u0119 rozrywk\u0105 najm\u0142odszych go\u015bci.<\/p>\n<\/li>\n<li>\n<p><strong>Przygotuj program i atrakcje<\/strong>: Przygotuj program dla chrzciny lub komunii, uwzgl\u0119dniaj\u0105c modlitwy, msz\u0119 \u015bwi\u0119t\u0105 lub inne ceremonie. Mo\u017cesz r\u00f3wnie\u017c zaprosi\u0107 muzyk\u00f3w lub zorganizowa\u0107 wyst\u0119py artystyczne, aby umili\u0107 go\u015bciom czas.<\/p>\n<\/li>\n<li>\n<p><strong>Zadbaj o szczeg\u00f3\u0142y<\/strong>: Zapewnij dodatkowe elementy, kt\u00f3re dodadz\u0105 uroku takiej uroczysto\u015bci. Mo\u017ce to by\u0107 stacja z przek\u0105skami, bufet z deserami, niespodzianki dla go\u015bci czy personalizowane upominki dla dziecka.<\/p>\n<\/li>\n<li>\n<p><strong>Organizacja fotografii<\/strong>: Wynajmij profesjonalnego fotografa, kt\u00f3ry uwieczni najwa\u017cniejsze momenty tego dnia. Przygotuj r\u00f3wnie\u017c stref\u0119 z rekwizytami, gdzie go\u015bcie b\u0119d\u0105 mogli robi\u0107 zabawne zdj\u0119cia.<\/p>\n<\/li>\n<li>\n<p><strong>Wsp\u00f3\u0142praca z profesjonalistami<\/strong>: Je\u015bli organizacja chrztu lub komunii przysparza Ci trudno\u015bci, skorzystaj z pomocy specjalist\u00f3w. Wynajmij event plannera, kt\u00f3ry pomo\u017ce w zaplanowaniu i koordynacji wszystkich szczeg\u00f3\u0142\u00f3w.<\/p>\n<\/li>\n<li>\n<p><strong>Nie zapomnij o podzi\u0119kowaniach<\/strong>: Przygotuj podzi\u0119kowania dla go\u015bci, kt\u00f3re b\u0119d\u0105 mi\u0142ym gestem wdzi\u0119czno\u015bci za ich obecno\u015b\u0107 i udzia\u0142 w tym wyj\u0105tkowym dniu. Mo\u017cesz rozwa\u017cy\u0107 personalizowane prezenty lub upominki zwi\u0105zane z religijn\u0105 tematyk\u0105.<\/p>\n<\/li>\n<\/ol>\n<p>&nbsp;<\/p>\n<p>[\/et_pb_text][\/et_pb_column][et_pb_column type=&#8221;2_5&#8243; _builder_version=&#8221;4.20.0&#8243; _module_preset=&#8221;default&#8221; global_colors_info=&#8221;{}&#8221; theme_builder_area=&#8221;post_content&#8221;][et_pb_image src=&#8221;https:\/\/stacjaimpreza.eu\/wp-content\/uploads\/2023\/06\/event-coordinator-17.png&#8221; title_text=&#8221;event-05&#8243; _builder_version=&#8221;4.20.0&#8243; _module_preset=&#8221;default&#8221; background_image=&#8221;https:\/\/stacjaimpreza.eu\/wp-content\/uploads\/2023\/06\/event-05.jpg&#8221; global_colors_info=&#8221;{}&#8221; theme_builder_area=&#8221;post_content&#8221;][\/et_pb_image][\/et_pb_column][\/et_pb_row][\/et_pb_section][et_pb_section fb_built=&#8221;1&#8243; admin_label=&#8221;Features&#8221; _builder_version=&#8221;4.20.0&#8243; _module_preset=&#8221;default&#8221; background_color=&#8221;gcid-05864f7b-18b4-424d-8937-0b09a7c6a082&#8243; collapsed=&#8221;on&#8221; global_colors_info=&#8221;{%22gcid-05864f7b-18b4-424d-8937-0b09a7c6a082%22:%91%22background_color%22%93}&#8221; theme_builder_area=&#8221;post_content&#8221;][\/et_pb_section][et_pb_section fb_built=&#8221;1&#8243; admin_label=&#8221;About&#8221; _builder_version=&#8221;4.20.0&#8243; _module_preset=&#8221;default&#8221; background_color=&#8221;gcid-05864f7b-18b4-424d-8937-0b09a7c6a082&#8243; collapsed=&#8221;on&#8221; global_colors_info=&#8221;{%22gcid-05864f7b-18b4-424d-8937-0b09a7c6a082%22:%91%22background_color%22%93}&#8221; theme_builder_area=&#8221;post_content&#8221;][et_pb_row column_structure=&#8221;1_2,1_2&#8243; _builder_version=&#8221;4.20.0&#8243; _module_preset=&#8221;default&#8221; global_colors_info=&#8221;{}&#8221; theme_builder_area=&#8221;post_content&#8221; custom_margin=&#8221;|233px||auto||&#8221;][et_pb_column type=&#8221;1_2&#8243; _builder_version=&#8221;4.20.0&#8243; _module_preset=&#8221;default&#8221; global_colors_info=&#8221;{}&#8221; theme_builder_area=&#8221;post_content&#8221;][et_pb_image src=&#8221;https:\/\/stacjaimpreza.eu\/wp-content\/uploads\/2023\/06\/event-coordinator-6.png&#8221; title_text=&#8221;event-coordinator-6&#8243; _builder_version=&#8221;4.20.0&#8243; _module_preset=&#8221;default&#8221; transform_translate=&#8221;-50%|50%&#8221; transform_translate_linked=&#8221;off&#8221; positioning=&#8221;absolute&#8221; position_origin_a=&#8221;bottom_left&#8221; width=&#8221;30%&#8221; global_colors_info=&#8221;{}&#8221; theme_builder_area=&#8221;post_content&#8221;][\/et_pb_image][et_pb_image src=&#8221;https:\/\/stacjaimpreza.eu\/wp-content\/uploads\/2023\/06\/event-07.jpg&#8221; title_text=&#8221;event-07&#8243; _builder_version=&#8221;4.20.0&#8243; _module_preset=&#8221;default&#8221; locked=&#8221;off&#8221; global_colors_info=&#8221;{}&#8221; theme_builder_area=&#8221;post_content&#8221;][\/et_pb_image][et_pb_image src=&#8221;https:\/\/stacjaimpreza.eu\/wp-content\/uploads\/2023\/06\/event-coordinator-5.png&#8221; title_text=&#8221;event-coordinator-5&#8243; _builder_version=&#8221;4.20.0&#8243; _module_preset=&#8221;default&#8221; positioning=&#8221;absolute&#8221; position_origin_a=&#8221;top_right&#8221; width=&#8221;10%&#8221; custom_margin=&#8221;30px|30px|||false|false&#8221; global_colors_info=&#8221;{}&#8221; theme_builder_area=&#8221;post_content&#8221;][\/et_pb_image][\/et_pb_column][et_pb_column type=&#8221;1_2&#8243; _builder_version=&#8221;4.20.0&#8243; _module_preset=&#8221;default&#8221; global_colors_info=&#8221;{}&#8221; theme_builder_area=&#8221;post_content&#8221;][et_pb_text _builder_version=&#8221;4.20.0&#8243; _module_preset=&#8221;dbc24434-0218-44f3-98d0-80bc7fd2a8b8&#8243; text_orientation=&#8221;right&#8221; locked=&#8221;off&#8221; global_colors_info=&#8221;{}&#8221; theme_builder_area=&#8221;post_content&#8221;]<\/p>\n<h2>Imprezy okoliczno\u015bciowe Stacja Impreza<\/h2>\n<p>[\/et_pb_text][et_pb_text _builder_version=&#8221;4.18.0&#8243; _module_preset=&#8221;d135175f-4be8-4a0e-912c-dd33d44c9124&#8243; text_orientation=&#8221;right&#8221; hover_enabled=&#8221;0&#8243; global_colors_info=&#8221;{}&#8221; theme_builder_area=&#8221;post_content&#8221; sticky_enabled=&#8221;0&#8243;]<\/p>\n<p style=\"text-align: left;\">Zorganizowanie chrzciny lub komunii z cateringiem i wynaj\u0119ciem odpowiedniego lokalu na imprez\u0119 to doskona\u0142y spos\u00f3b na stworzenie wyj\u0105tkowej atmosfery i zapewnienie komfortu dla wszystkich go\u015bci. Pami\u0119taj o wcze\u015bniejszej rezerwacji i dok\u0142adnym planowaniu, aby ten dzie\u0144 by\u0142 niezapomniany dla Ciebie i Twojej rodziny.<\/p>\n<p>[\/et_pb_text][\/et_pb_column][\/et_pb_row][\/et_pb_section][et_pb_section fb_built=&#8221;1&#8243; admin_label=&#8221;Event&#8221; _builder_version=&#8221;4.20.0&#8243; _module_preset=&#8221;default&#8221; background_color=&#8221;gcid-05864f7b-18b4-424d-8937-0b09a7c6a082&#8243; collapsed=&#8221;on&#8221; global_colors_info=&#8221;{%22gcid-05864f7b-18b4-424d-8937-0b09a7c6a082%22:%91%22background_color%22%93}&#8221; theme_builder_area=&#8221;post_content&#8221;][et_pb_row _builder_version=&#8221;4.20.0&#8243; _module_preset=&#8221;default&#8221; global_colors_info=&#8221;{}&#8221; theme_builder_area=&#8221;post_content&#8221;][et_pb_column type=&#8221;4_4&#8243; _builder_version=&#8221;4.20.0&#8243; _module_preset=&#8221;default&#8221; global_colors_info=&#8221;{}&#8221; theme_builder_area=&#8221;post_content&#8221;][\/et_pb_column][\/et_pb_row][\/et_pb_section]<\/p>\n","protected":false},"excerpt":{"rendered":"<p>Event\u00a0Jak zorganizowa\u0107 chrzciny lub komuni\u0119 z cateringiem:&nbsp; Wybierz odpowiedni lokal: Zaczynaj\u0105c organizacj\u0119 chrzcin lub komunii, rozwa\u017c wynajem lokalu na imprez\u0119. Wybierz lokal dostosowany do liczby go\u015bci i preferencji. Mo\u017cesz znale\u017a\u0107 wiele opcji w Gda\u0144sku lub Gdyni. Zarezerwuj lokal z wyprzedzeniem: Upewnij si\u0119, \u017ce rezerwujesz lokal na imprez\u0119 z odpowiednim wyprzedzeniem, szczeg\u00f3lnie w przypadku popularnych termin\u00f3w. [&hellip;]<\/p>\n","protected":false},"author":1,"featured_media":0,"parent":0,"menu_order":0,"comment_status":"closed","ping_status":"closed","template":"","meta":{"_et_pb_use_builder":"on","_et_pb_old_content":"<!-- wp:divi\/placeholder \/-->","_et_gb_content_width":"","footnotes":""},"class_list":["post-2322","page","type-page","status-publish","hentry"],"aioseo_notices":[],"_links":{"self":[{"href":"https:\/\/stacjaimpreza.eu\/index.php?rest_route=\/wp\/v2\/pages\/2322","targetHints":{"allow":["GET"]}}],"collection":[{"href":"https:\/\/stacjaimpreza.eu\/index.php?rest_route=\/wp\/v2\/pages"}],"about":[{"href":"https:\/\/stacjaimpreza.eu\/index.php?rest_route=\/wp\/v2\/types\/page"}],"author":[{"embeddable":true,"href":"https:\/\/stacjaimpreza.eu\/index.php?rest_route=\/wp\/v2\/users\/1"}],"replies":[{"embeddable":true,"href":"https:\/\/stacjaimpreza.eu\/index.php?rest_route=%2Fwp%2Fv2%2Fcomments&post=2322"}],"version-history":[{"count":3,"href":"https:\/\/stacjaimpreza.eu\/index.php?rest_route=\/wp\/v2\/pages\/2322\/revisions"}],"predecessor-version":[{"id":2387,"href":"https:\/\/stacjaimpreza.eu\/index.php?rest_route=\/wp\/v2\/pages\/2322\/revisions\/2387"}],"wp:attachment":[{"href":"https:\/\/stacjaimpreza.eu\/index.php?rest_route=%2Fwp%2Fv2%2Fmedia&parent=2322"}],"curies":[{"name":"wp","href":"https:\/\/api.w.org\/{rel}","templated":true}]}}